et z be (-3*5/6 + 2)*8. Let j(q) = -5*q + 9. Let c(i) = -14*i + 26. Let n(f) = 6*c(f) - 17*j(f). Let o be n(z). Let w(x) = -6*x**2 + 2*x + 1. What is w(o)?
-7
Let a = -6 - -3. Let p(u) be the third derivative of 0 + 1/15*u**5 + 1/12*u**4 + 0*u + 1/120*u**6 - 12*u**2 - 1/6*u**3. Determine p(a).
2
Suppose 2 = n + 2*c, n - 3 = -3*n - 3*c. Let q(t) = 2*t - 4*t + n*t - 4 + 3 - 3*t**2. Suppose 0 = 3*b - 4*i - 1, 5*b + 0*i = i - 4. Calculate q(b).
-2
Let u(t) be the third derivative of t**5/20 + t**3/6 + 246*t**2. Determine u(-1).
4
Let i(m) = -4 - 1 + 4*m - 2*m. Let s be (3/6)/((-4)/(-88)). Suppose 6 = -3*n, 5*q + 3*n - 13 - s = 0. Calculate i(q).
7
Let a(j) = -4*j**2 + 2*j + 3. Let q(k) = -5*k**2 + 3*k + 4. Let p(s) = -4*a(s) + 3*q(s). Let f(g) = -2*g**2 - 2*g - 1. Let m(t) = 2*f(t) + 3*p(t). Give m(-2).
-4
Suppose 37*h + 4 = 36*h. Let m(c) = -3 + 5 + 1 + 4*c. Give m(h).
-13
Let b = -132 + 135. Let h(x) be the second derivative of -1/6*x**4 - x**2 - 8*x + 0 - 5/6*x**b. Determine h(-3).
-5
Let c be 2 + (3 + 9)/1. Let x = c - 9. Let k(l) = 4 + 4 + l**3 - 6*l - 4*l**2 - 4. Determine k(x).
-1
Let o be ((-128)/(-3))/(10/(-30)). Let y = o + 133. Let u(k) = -k**2 + 4*k - 6. Calculate u(y).
-11
Let s(a) be the first derivative of a**2/2 - 8*a + 4. Suppose -5*q - 11 = 4*t + 1, -20 = 4*q - 2*t. Let n be q/14 + (-176)/(-28) + 1. Determine s(n).
-1
Let a(k) = -2 + 7 + 1 + k + 6*k**2 + k**3. Suppose -1464*p + 1474*p = -60. Determine a(p).
0
Let g(z) be the second derivative of -13*z + 0 + 0*z**4 + 0*z**2 + 1/4*z**5 - 1/6*z**3. Calculate g(1).
4
Let m(d) = -d**2 - 17*d - 22. Suppose 2*n = -t - 16, t - n + 16 = -0*t. Calculate m(t).
-6
Let j(x) = 4 + x**3 - 5*x**2 + 2 - 69*x - 4 + 61*x. Give j(6).
-10
Suppose p - 30 = -5*p. Suppose -5*y - 4*w = -22, p*w - 2 + 0 = -2*y. Let h(q) = -q**2 + 3*q - 6. Determine h(y).
-24
Let a(v) = v**2 + 5*v + 2. Let o(g) = g**3 + 3*g**2 - 6*g - 3. Let p be o(-4). Let x(b) = 3*b**2 + 10*b + 3. Let r(z) = p*a(z) - 2*x(z). Give r(6).
-2
Let g(k) = -5*k. Let j(w) = -6*w + 1. Let a(x) = 5*g(x) - 4*j(x). Let p = -5 + 5. Calculate a(p).
-4
Let k(g) = -g**3 + 8*g**2 - 9*g + 12. Let o be k(7). Suppose -y - 10 = -6*y. Let q(n) = 2*n**y + 5*n**3 - 3*n**3 + 2*n - 3*n. Give q(o).
-6
Let l(n) = n + 7. Let i(c) = 30*c - 60. Let z be i(2). What is l(z)?
7
Suppose j - 2*l - 1 = 5, -2*l = -4*j + 12. Let h(m) = -m - j*m + 0 + 4 - 2. Calculate h(-2).
8
Let y(q) be the third derivative of 0 + 6*q**2 + 5/24*q**4 + 1/3*q**3 + 0*q - 1/120*q**5. Let i(r) be the first derivative of y(r). Determine i(6).
-1
Let p(n) be the second derivative of -n**5/20 + 5*n**4/6 + n**3/3 - 6*n**2 - 2*n + 54. Determine p(10).
8
Let q(v) = -7*v**2 + 1. Suppose k = -2*k + 3. What is q(k)?
-6
Suppose -4*v + 7 = -c - 7, -5*v + 3*c + 21 = 0. Let u(r) be the second derivative of r**5/10 - r**4/3 - r**3/6 - r**2/2 - 2*r. What is u(v)?
14
Let a be -3*((-111)/9 + 1). Let l be 8/(-10) + 0 - a/(-5). Let f(u) = u**3 - 6*u**2 - u. Determine f(l).
-6
Let u be (-2)/4*(-13 + 11). Let q(h) be the third derivative of 0*h**5 + 0 + 0*h + 11*h**2 - 1/12*h**4 + 1/6*h**3 - 1/30*h**6. What is q(u)?
-5
Let u(m) = -4*m + 1. Let i(w) be the first derivative of 6*w**2 - 3*w + 20. Let t(a) = 3*i(a) + 8*u(a). Calculate t(-5).
-21
Let s(a) = 7 + a - 4*a + 34 - 21 + a. Determine s(7).
6
Let a = -13 + 13. Suppose a*q + 3*q = 0. Let s(z) = 3*z**3 + 4*z**2 - 7. Let p(t) = -7*t**3 - 9*t**2 + 15. Let r(o) = 4*p(o) + 9*s(o). Calculate r(q).
-3
Let n(d) = -2 + 2*d**3 + 3 + d + d**3 - 4*d**3. Let s(c) = 3*c + 6. Let x be s(-4). Let t(o) = 7*o**3 + o**2 - 5*o. Let u(y) = x*n(y) - t(y). Determine u(0).
-6
Suppose 5*u - o - 23 = 0, 0*u + 4*u + 2*o - 24 = 0. Let s(r) be the second derivative of -r**4/12 + r**3/2 - 5*r**2/2 + 987*r. Give s(u).
-15
Let i(n) = 0*n + n - 2*n - 149*n**2 + 150*n**2. Give i(5).
20
Let l = 384 - 391. Let p(r) = r**3 + 6*r**2 - 7*r + 8. What is p(l)?
8
Let y = -25 + 17. Let q(d) be the first derivative of d**7/840 + d**6/45 - d**4/8 - 2*d**3/3 - 17. Let l(u) be the third derivative of q(u). What is l(y)?
-3
Suppose -25*r = -27*r - 18. Let u(g) = -g**2 - g + 1. Let y(w) = 3*w**2 + 11*w - 2. Let x(p) = 2*u(p) + y(p). Calculate x(r).
0
Let v(f) = 3*f**2 - 2. Let h(n) = 8*n**2 + n - 6. Let l(x) = -h(x) + 2*v(x). Determine l(1).
-1
Let c = -3 - -14. Suppose -u + 2*i = -14, -i - 3*i + 12 = 3*u. Let l = u - c. Let p(t) = -t**2 - 2*t - 3. Determine p(l).
-6
Let n(x) be the first derivative of -7 - 7/3*x**3 + 0*x - 1/2*x**2. Let m(o) = -2*o**2 + 2*o - 1. Let p be m(1). Calculate n(p).
-6
Let l(t) = -t**2 - 46*t - 165. Let f be l(-4). Let a(s) = -3*s + 6. Determine a(f).
-3
Let v be (2/7)/(14/98). Let z(p) = -1 + 4*p**2 + 11*p - v + 2 - 19*p. Let u(f) = -f. Let c(s) = -6*u(s) + z(s). Give c(-1).
5
Let a(l) = 20*l - 157. Let p be a(8). Let z(w) = w**2 - 6*w + 6. Determine z(p).
-3
Suppose 3*w + 18 = -36. Let x = w - -21. Suppose x*f + 7 + 6 = 2*q, -25 = 5*f. Let r(o) = -6*o**2 + 1. Determine r(q).
-5
Let d(r) = -2*r**3 - 14*r**2 - 6*r + 10. Let j(w) = 3*w**3 + 21*w**2 + 9*w - 15. Let h(v) = -7*d(v) - 5*j(v). Give h(-6).
-13
Let d(f) = 1014*f - 2029*f + 1002*f - f**2 - 7. What is d(-10)?
23
Let q(s) = 4*s**2 - 2*s + 1. Suppose -4*d + 9*d + 45 = 0. Let t be d/(-12) - 2/(-8). Calculate q(t).
3
Suppose 0 = 2*x - w + 1, 10 = -5*x - 0*w + 4*w. Suppose i + x*u + 12 = 6*i, 0 = i + 4*u + 2. Let n(a) = a**3 - a**2 + 2*a - 1. Calculate n(i).
7
Let c(a) = 3*a - 45. Let i(l) = 3*l - 38. Let n(v) = 2*c(v) - 3*i(v). Determine n(7).
3
Let m(a) be the second derivative of -a**4/12 + a**3/2 - 7*a**2/2 - 286*a. What is m(5)?
-17
Let h be (-9)/6*(-8)/2. Let g be ((-3)/((-9)/(-1)))/((-8)/96). Let n(y) = -5*y + 0 - h + g*y. What is n(7)?
-13
Suppose 2*p + d = 7, 0 = -4*p - 7*d + 3*d + 16. Let t(b) = -b**2 + 1 - 5 + 2*b**2 + 3. Let a(k) = k**3 + 2*k**2 + 2*k - 8. Let l(n) = -a(n) + 5*t(n). Give l(p).
-3
Let a be (-2 + -3)*(-2)/5. Suppose -i + 0*w - a*w + 6 = 0, -3*w - 6 = -i. Let b(q) = -1 - 5 - i + q + 2. Determine b(8).
-2
Let k be (-21)/(-35) + (-132)/(-55). Let o(b) = -b**2 - 5*b + 7. Give o(k).
-17
Let o(v) = 2*v + 1. Let t be 13 + -14 - (-12)/(-3). What is o(t)?
-9
Let d(z) = 3565*z + 3569*z - 2 + z**3 - 2*z**2 - 7130*z. Calculate d(3).
19
Let i(q) = -13*q**2 + 14*q - 13. Let p be i(1). Let t(r) = -r**3 - 12*r**2 - 2*r + 3. Determine t(p).
27
Let h(o) = -o**3 + 10*o**2 - o - 13. Let z(c) = -2*c**2 - 14*c - 2. Let b be z(-6). What is h(b)?
-23
Suppose 4*v - 15 = -3*q + 4, 4*q = 2*v + 18. Let z(o) = -18*o**3 - 1 + 6 + 8*o**3 - 4 + 2*o**3. Determine z(v).
-7
Let h(n) = -55*n + 3*n**3 + n**2 - 63*n - 3 + 120*n. Calculate h(2).
29
Let j(w) be the third derivative of w**8/3360 - w**7/630 + w**6/360 + w**5/60 - 11*w**4/24 - 3*w**2. Let m(p) be the second derivative of j(p). Determine m(2).
6
Let y(g) = g**2 - 5*g + 5. Let c(k) = -k**2 - 7*k - 7. Let v be c(-3). What is y(v)?
5
Let g(j) be the first derivative of 2*j**3 + 2*j**2 + 1/4*j**4 - 3*j + 27. Let f = 3 - 8. Determine g(f).
2
Let j(r) = -r + 6. Let l(g) = -g + 19. Let d be l(-12). Let q = 11 - d. Let o be (q/(-12))/((-1)/(-3)). Determine j(o).
1
Let j(v) = 7*v - 3. Suppose -5*w + 9*w - 3*o - 12 = 0, 0 = 3*w + 2*o - 9. Determine j(w).
18
Let k(d) = -d**2 + 23*d - 38. Let h be k(2). Let v(p) = -p**2 - p + 1. Determine v(h).
-19
Suppose 5 = l + 3. Let s = 8 - l. Let r(y) be the second derivative of -y**3/6 + 7*y**2/2 + 5*y. Calculate r(s).
1
Let x(d) be the third derivative of d**7/2520 + d**6/120 + 7*d**5/120 - 3*d**4/8 + 5*d**2. Let w(o) be the second derivative of x(o). Give w(-5).
2
Let b = 3393/27272 + 2/3409. Let z(f) be the third derivative of 0 + 1/60*f**5 - b*f**4 - 9*f**2 - 1/2*f**3 + 0*f. Determine z(-2).
7
Let n(b) be the first derivative of b**4/4 + 8*b**3/3 - 4*b**2 + 4*b - 45. Let h(d) = -10*d**2 + d + 2. Let m be h(-1). What is n(m)?
-5
Let o(p) = 16*p + 3*p - 8*p - 6*p + p - 8. Determine o(-5).
-38
Suppose -41*y - 10 = -43*y. Let g(o) = -1 + 3*o**2 - 2 + y*o - 2*o**2. Give g(-5).
-3
Suppose -4*c - 3*b - 43 = 0, -5*c + 2*b - b - 68 = 0. Let l(k) = k**3 + 14*k**2 + 10*k - 28. Determine l(c).
11
Let o = 643 - 639. Let b(l) be the second derivative of l**4/6 - l**3 + 2*l. What is b(o)?
8
Let h(d) = -2*d**2 + 0*d**2 - 1 + 14 - 8*d + d**2. Let v be h(-9). Sup